 0*z + 0 - 1/6*z**4 - 1/2*z**3 + 1/60*z**5. Calculate h(g).
-3
Suppose 2*t - 6*t + 3*r + 12 = 0, -r = 0. Let o(k) = 5*k**2 - 5*k - 28. Let j(g) = 4*g**2 - 4*g - 22. Let p(l) = 4*j(l) - 3*o(l). What is p(t)?
2
Let g(w) = -w**3 + 7*w**2 - 146*w - 130*w + 4 + 277*w. What is g(7)?
11
Let o = 258 + -255. Let x(p) = 2*p**2 - 3*p - 4. What is x(o)?
5
Let h = 22 + 3. Let c(k) = 3*k**3 - k + 25 - h. Let p be c(1). Let b(r) = -r**3 + 4*r**2 - 2*r + 1. What is b(p)?
5
Let z(f) = f**3 + 6*f**2 + 3*f - 13. Suppose 2*q - 4*g - 27 = 5*q, -3*q - 2*g - 21 = 0. Calculate z(q).
-3
Let l be -3 - ((-10)/2 - 3). Suppose -l*x - 4 = -14. Let q(k) = 7*k - 2*k**x - 2*k - 2 + 0*k. Calculate q(3).
-5
Let f(o) = -7*o**3 + 13*o**2 - 3*o + 15. Let d(x) = 11*x**3 - 19*x**2 + 4*x - 22. Let i(l) = 5*d(l) + 8*f(l). What is i(9)?
-26
Let z(n) = 0*n - 8*n + 3*n - 3 + 6*n. Give z(-4).
-7
Let y be (-500)/(-10) - 2*1. Let o = y - 49. Let g(h) = -6*h**2 + 3*h**2 + h - 2*h**2. Calculate g(o).
-6
Let m(a) = -7*a + 30*a**3 - 3*a + a**2 - 60*a**3 + 8*a**2 + 31*a**3. Determine m(-10).
0
Let y(q) = -q**3 - 2*q**2 + 2*q + 1. Suppose 4*p = 2*a - 14, -3*a + 2 = 2*p - a. What is y(p)?
-3
Let q(p) = p + 1. Let g(y) = -5*y - 6. Let s = 3 - 9. Let x(a) = s*q(a) - g(a). Let m(j) = -j**2 - 7*j + 5. Let t(f) = m(f) - 3*x(f). What is t(-5)?
0
Let s(h) be the second derivative of 0 - 3*h + 1/20*h**5 + 3*h**2 - 1/6*h**3 - 5/12*h**4. Let j be (120/(-96))/(-1*1/4). Give s(j).
1
Let u = -144 + 82. Let s = -57 - u. Let b(d) = 3*d - 4. Determine b(s).
11
Let k be (-60)/(-9) + 4/(-6). Let d(h) = h - 3. Let o be d(3). Let s(x) = o*x + 3*x + 2 + 6*x**2 - x**3 - 5*x. Calculate s(k).
-10
Let s(j) be the second derivative of j**5/20 - j**4/3 + j**3/6 + 2*j**2 + 11*j. Let a = 7 + -4. Suppose -4*u + 3*r = -7, 3*r + 3 = -0*u + a*u. Give s(u).
8
Let n = 63 - 60. Let m(c) = n - 43*c - c**2 + c**3 - 3*c**2 - 6 + 44*c. Determine m(3).
-9
Let d(a) = 2*a**2 - a - 4. Let g(f) = -16*f - 96. Let h be g(-6). Determine d(h).
-4
Let n(t) = -1 + 3*t - 3 - 4*t + 5 + t**2. Suppose -2 = -2*j - 0*j. Calculate n(j).
1
Let l(c) = -3*c + 3. Let f(j) = -j**3 + 3*j**2 + 3*j + 3. Let v be f(4). Let y = 2 - v. Suppose b = -0*b + y. Give l(b).
-6
Let v(l) = 3*l - 6. Let n be 2 - (4 - 6) - 4. Suppose -4*b = -d + 2, 2*d + n*b + 5*b + 61 = 0. Let t = 22 + d. What is v(t)?
6
Let p(m) = 11*m**3 + 13*m**2 - 2*m + 14. Let l(d) = 15*d**3 + 14*d**2 - 2*d + 15. Let h(c) = -3*l(c) + 4*p(c). Determine h(10).
-9
Let s = 694 + -706. Let l(y) = y**3 + 12*y**2 + y + 14. Give l(s).
2
Let x(a) = -a**3 + 3*a**2 + 2. Let w(l) = -2*l**3 + 3*l**2 + l + 1. Let o(i) = -2*w(i) + 3*x(i). Determine o(-3).
10
Suppose g + 15 = 6*g. Let k(c) = c - 169*c**2 + 167*c**2 - c**g + 0*c**3 + 0*c**3. Let v be (2 + (-8)/3)*3. Give k(v).
-2
Let q(v) = -v**2 + 7*v - 4. Suppose 0*g - 2*g + 12 = 0. Let p = -27 + g. Let u = -16 - p. Give q(u).
6
Let c(i) = 3*i**2 - 10*i + 17. Let r(n) = 2*n**2 - n + 3. Let m(a) = c(a) - r(a). What is m(10)?
24
Let i(t) be the second derivative of 0 - 7/12*t**4 + 2*t - 1/20*t**5 - t**3 - 7/2*t**2. Let m be (7 + -10)/((-3)/(-6)). Give i(m).
-7
Let t(i) = 7*i**2 - 7*i + 11. Let k(p) = -5*p**2 + 7*p - 12. Let w(n) = 4*k(n) + 3*t(n). Calculate w(-10).
15
Suppose 6 = 2*n + m - 6, -n = 5*m - 15. Let u(z) = 8*z**2 + 6*z - 160 - 2*z + 161. Let i(h) = 16*h**2 + 9*h + 3. Let k(c) = n*u(c) - 2*i(c). What is k(1)?
9
Let a(d) = -d**2 - 2*d + 4. Let w be a(-4). Let b be (-110)/33*6/w. Let v(m) = -m. Calculate v(b).
-5
Let g(b) = 2*b**2 - 3*b - 4. Let x = -83 + -34. Let l = x + 120. What is g(l)?
5
Suppose -18*n - 26 = -4*y - 17*n, 0 = y + n - 9. Let f(s) = s**2 - 6*s + 8. Calculate f(y).
15
Let d(a) = -2*a + 11. Let k = 1079 + -1070. What is d(k)?
-7
Let a(o) = 3*o**2 - 24*o + 5. Let i = 603 + -595. Calculate a(i).
5
Let v(g) = g + 4. Let d = 43 - 54. Calculate v(d).
-7
Let f = 8 + -8. Suppose f*g = -2*g + 10. Suppose -g*s - 3*i + 10 = 0, -4*s - 2*i = s - 15. Let l(y) = y - 3. Give l(s).
2
Let z(y) = y**3 - 16*y**2 + 16*y - 19. Let c = 69 - 54. Let o be z(c). Let h(x) = -5*x + 5. Let t(k) = 4*k - 5. Let v(s) = -3*h(s) - 4*t(s). What is v(o)?
9
Let n(r) be the second derivative of -r**3/2 - 23*r**2/2 + 281*r. Give n(-6).
-5
Let l be (-4)/3 - 323/57. Let g(k) = -k**2 - k + 1. Let x(j) = j**2 - 5*j - 4. Let i(m) = 2*g(m) + x(m). Give i(l).
-2
Let y(u) be the first derivative of -u**3/3 - 3*u**2 - 7*u + 85. Give y(-5).
-2
Let f(o) = o**3 + 11*o**2 - 4*o + 4. Let i(x) = x + 1. Let r(w) = -f(w) - 5*i(w). Calculate r(-11).
2
Suppose r + 4*g + 25 = 0, r - 4*r - 2*g = 25. Let z(i) = -3*i + 6. Determine z(r).
21
Let l(n) = 888*n**2 - 444*n**2 - 445*n**2. Calculate l(3).
-9
Suppose 20*a = 61 + 19. Let q(d) = d**2 + 0*d**2 - 9 + a*d + 3 + 11. What is q(-5)?
10
Let i(a) = a**2 - 10*a - 4. Let c(s) = s**2 - 34*s - 64. Let o be c(36). Give i(o).
-20
Let j(u) = -6*u + 3 + 2*u + 5*u. What is j(-7)?
-4
Let v = 20 - 23. Let q(z) be the first derivative of -z**5/60 - z**4/8 - z**3/3 - z**2 + 1. Let b(g) be the second derivative of q(g). Give b(v).
-2
Let q = 46 - 44. Suppose 2*p - 6 = -q*f, 7*p + 3 = 4*p. Let l(x) = -x**2 + 3*x + 1. Calculate l(f).
-3
Let i(m) = 2*m + 5 - 2 + 0. Suppose o + 32 = 29. Calculate i(o).
-3
Let d(y) = 3*y + 3*y - 4*y - y + 9. Calculate d(-7).
2
Let a(x) be the second derivative of x**4/12 - x**3/6 - 41*x**2/2 - 98*x. Give a(0).
-41
Suppose 3*x - 4*l = 29, 3*x - 76 = -x - 4*l. Suppose -3*c = z - x, -2*z + 4*c + 5 = 15. Let j(o) = o**2 - 3*o. Determine j(z).
0
Let d(p) = -2*p + 4 + 4*p - 3*p. Suppose 0 = 76*j - 85*j. What is d(j)?
4
Let k(o) = -32*o - 32. Let i(f) = -7*f - 8. Let c(d) = 9*i(d) - 2*k(d). Calculate c(6).
-2
Suppose 0 = -3*s - h - 0 + 1, -s - 2 = -2*h. Let l be ((-3)/(-3 - s))/1. Let k(d) = d. Let c(u) = u**2 - 7*u + 2. Let m(v) = l*c(v) + 5*k(v). Determine m(2).
2
Suppose 4*o - 1 = -3*v + 4, 2*v - 22 = 2*o. Let p(q) = -2*q**2 + 8*q + 9. What is p(v)?
-33
Let v(s) = 19*s**2 + 18*s + 36. Let y(d) = 7*d**2 + 6*d + 12. Let q(w) = 3*v(w) - 8*y(w). Determine q(-4).
4
Let w be (-1)/(-1)*(-4)/(-2). Suppose -i - 3 = w*i. Let v(b) = 4*b. Calculate v(i).
-4
Suppose -2*s + 93 = 53. Let o(f) = s + 13 - f - 44 - 4*f**2 - f**3 + 15. What is o(-4)?
8
Let s be (-208)/(-13) - (11 + 2). Let l(f) = -9*f + 25. Determine l(s).
-2
Let k(t) be the first derivative of t**4/4 + 8*t**3/3 - t**2 + 12*t + 396. Give k(-9).
-51
Let s(n) be the third derivative of -n**6/120 - 2*n**5/15 - 5*n**4/24 + 4*n**3/3 - 2*n**2 - 9. Give s(-7).
-6
Let l(x) = x + 8. Suppose 30*k - 24*k + 48 = 0. Give l(k).
0
Let g(r) = -r + 13. Let x = 238 + -230. Give g(x).
5
Let b(z) = -z**3 + 5*z**2 - z. Let c(u) = -u**3 + 6*u**2 - 2*u - 1. Let r(y) = 7*b(y) - 6*c(y). Give r(-4).
34
Let d(n) = -n - 4. Suppose -a = -5*k + 3 + 27, 5*a + 3*k + 10 = 0. What is d(a)?
1
Let g(x) = -12*x**2. Let w(m) = m**2 - m. Let h(s) = 5*s**2 - 3*s + 1. Let n(j) = h(j) - 6*w(j). Let t be n(3). What is g(t)?
-12
Let r(x) be the third derivative of x**5/60 - x**4/4 - 13*x**3/6 - 115*x**2 - 1. What is r(7)?
-6
Let f(c) be the second derivative of -c**3/6 - 3*c**2/2 - 483*c. Give f(11).
-14
Let w(z) = -11*z - 539. Let d be w(-49). Let q(r) = -r**3 - r**2 + 2*r - 4. What is q(d)?
-4
Let m(r) = r**2 - 5*r - 1. Suppose -97 = -5*i + 4*l - 7*l, -23 = -i + 3*l. Let v = 31 - i. Let y = 17 - v. Calculate m(y).
5
Let x(r) = -5*r**2 - 3*r**2 + 24*r + r**3 + 5*r**2 - 7 - 27*r + 0*r**2. Calculate x(4).
-3
Let u(j) = 37*j - 35. Let p(v) = -13*v + 12. Let c(s) = -17*p(s) - 6*u(s). Determine c(9).
-3
Let u(j) = 30*j**2 - j + 3. Let p = -44 - -40. Let c(w) = -1. Let l(s) = p*c(s) - u(s). Determine l(-1).
-30
Let t(l) = 26*l + 5 - 31*l + 7*l. Suppose 5*a + 17 = -8. Give t(a).
-5
Let i(r) = -r**2 + 9*r + 9. Suppose -4 - 260 = -24*j. Calculate i(j).
-13
Let m = -26 - -22. Let z(a) = -8*a + 5. Let t(h) = 1. Let p(b) = m*t(b) + z(b). Suppose 4 = -4*w + 2*w + 2*n, -3*w - 2*n = 1. Determine p(w).
9
Let p(g) = 11*g**2 - 3*g - 8. Let q = 6 - 2. Let a(i) = -q*i**2 + 2*i - i - 3 + 2 + 4. Let k(r) = -8*a(r) - 3*p(r). Determine k(-1).
-2
Let m(i) = i**3 - 4*i**2 + 4. Suppose -3*z = 3*p + 12, 3 + 0 = -3*z. Let h(r) = -r**2 + r. Let q(a) = p*h(a) - m(a). Give q(3).
23
Let b = 39 + -32. Let y = b - 5. Let u(h) = -h - 1. Give u(y).
-3
Let w(h) = h - 4.